{"id":193,"date":"2023-03-25T18:01:02","date_gmt":"2023-03-25T21:01:02","guid":{"rendered":"https:\/\/labtec.unsa.edu.ar\/?page_id=193"},"modified":"2024-09-28T12:02:32","modified_gmt":"2024-09-28T15:02:32","slug":"comite-academico","status":"publish","type":"page","link":"https:\/\/labtec.unsa.edu.ar\/index.php\/comite-academico\/","title":{"rendered":"Comit\u00e9 Acad\u00e9mico"},"content":{"rendered":"\n<p>Lic. Leonardo Gabriel Sosa<br>Mg. Silvia Castillo<br>Mg. Sergio Grabosky<br>Lic. Prof. Johanna Ball\u00f3n<br>Lic. Fedra Aimetta<br>Lic. Ramiro Humberto Antonio Guzm\u00e1n Gonz\u00e1lez<\/p>\n\n\n<p><\/p>\n\n\n<p><em>Res. H. N\u00b0 <a href=\"http:\/\/bo.unsa.edu.ar\/cdh\/R2022\/Res._0367_22.pdf\">0367\/22<\/a> (Expte. N\u00b0 4869\/19)<\/em><\/p>\n","protected":false},"excerpt":{"rendered":"<p>Lic. Leonardo Gabriel SosaMg. Silvia CastilloMg. Sergio GraboskyLic. Prof. Johanna Ball\u00f3nLic. Fedra AimettaLic. Ramiro Humberto Antonio Guzm\u00e1n Gonz\u00e1lez Res. H. N\u00b0 0367\/22 (Expte. N\u00b0 4869\/19)<\/p>\n","protected":false},"author":1,"featured_media":0,"parent":0,"menu_order":0,"comment_status":"closed","ping_status":"closed","template":"","meta":{"footnotes":""},"class_list":["post-193","page","type-page","status-publish","hentry"],"_links":{"self":[{"href":"https:\/\/labtec.unsa.edu.ar\/index.php\/wp-json\/wp\/v2\/pages\/193","targetHints":{"allow":["GET"]}}],"collection":[{"href":"https:\/\/labtec.unsa.edu.ar\/index.php\/wp-json\/wp\/v2\/pages"}],"about":[{"href":"https:\/\/labtec.unsa.edu.ar\/index.php\/wp-json\/wp\/v2\/types\/page"}],"author":[{"embeddable":true,"href":"https:\/\/labtec.unsa.edu.ar\/index.php\/wp-json\/wp\/v2\/users\/1"}],"replies":[{"embeddable":true,"href":"https:\/\/labtec.unsa.edu.ar\/index.php\/wp-json\/wp\/v2\/comments?post=193"}],"version-history":[{"count":8,"href":"https:\/\/labtec.unsa.edu.ar\/index.php\/wp-json\/wp\/v2\/pages\/193\/revisions"}],"predecessor-version":[{"id":636,"href":"https:\/\/labtec.unsa.edu.ar\/index.php\/wp-json\/wp\/v2\/pages\/193\/revisions\/636"}],"wp:attachment":[{"href":"https:\/\/labtec.unsa.edu.ar\/index.php\/wp-json\/wp\/v2\/media?parent=193"}],"curies":[{"name":"wp","href":"https:\/\/api.w.org\/{rel}","templated":true}]}}