{"id":200,"date":"2023-03-25T19:49:47","date_gmt":"2023-03-25T22:49:47","guid":{"rendered":"https:\/\/labtec.unsa.edu.ar\/?page_id=200"},"modified":"2023-05-22T10:42:13","modified_gmt":"2023-05-22T13:42:13","slug":"centro-de-produccion-digital","status":"publish","type":"page","link":"https:\/\/labtec.unsa.edu.ar\/index.php\/centro-de-produccion-digital\/","title":{"rendered":"Centro de Producci\u00f3n Digital"},"content":{"rendered":"\n<p><\/p>\n\n\n\n<p><a href=\"http:\/\/bo.unsa.edu.ar\/cdh\/R2023\/Res._0624_23.pdf\" target=\"_blank\" rel=\"noreferrer noopener\">Res. H N\u00b0 0624\/23 (Expte. N\u00b0 4130\/23)<\/a> Aval Acad\u00e9mico del Consejo Directivo de la Facultad de Humanidades, UNSa<\/p>\n\n\n\n<p><\/p>\n\n\n\n<p><strong>Coordinadorxs Generales:<\/strong><\/p>\n\n\n\n<ul class=\"wp-block-list\">\n<li>Mg. Silvia Castillo (UNSa)<\/li>\n\n\n\n<li>Lic. Leonardo Gabriel Sosa (UNSa\/UNJu)<\/li>\n\n\n\n<li>Mg. Hugo Eduardo Morales (UNSa\/SRT UNSa)<\/li>\n\n\n\n<li>Lic. Esp. Paula Martin&nbsp;(UNSa)<\/li>\n\n\n\n<li>Lic. Romina Romano (SRT UNSa)<\/li>\n<\/ul>\n\n\n\n<p><strong>Datos generales:<\/strong><\/p>\n\n\n\n<p>Lugar: Gabinete de Radio y Televisi\u00f3n \u201cV\u00edctor Arancibia\u201d, Facultad de Humanidades, UNSa.<\/p>\n\n\n\n<p><strong>Justificaci\u00f3n<\/strong><\/p>\n\n\n\n<p>El CENTRO DE PRODUCCI\u00d3N DE CONTENIDOS DIGITALES es un espacio de formaci\u00f3n y producci\u00f3n en articulaci\u00f3n con c\u00e1tedras del \u00c1rea de Producci\u00f3n de la carrera de Ciencias de la Comunicaci\u00f3n y la Sede Regional Tartagal (UNSa), destinado a la creaci\u00f3n, edici\u00f3n, actualizaci\u00f3n y publicaci\u00f3n integral de contenidos digitales con el objeto de generar un \u00e1mbito de realizaci\u00f3n de Pr\u00e1cticas Profesionales Supervisadas (PPS) de estudiantes avanzados de la carrera de licenciatura en Ciencias de la Comunicaci\u00f3n en ambas sedes universitarias.&nbsp;<\/p>\n\n\n\n<p>Las c\u00e1tedras que participan en dicho Centro son:<\/p>\n\n\n\n<ul class=\"wp-block-list\">\n<li>Teor\u00eda y Pr\u00e1ctica de los usos tecnol\u00f3gicos de la Comunicaci\u00f3n<\/li>\n\n\n\n<li>Interfaz Arte\/Tecnolog\u00eda<\/li>\n\n\n\n<li>Introducci\u00f3n a la Investigaci\u00f3n Period\u00edstica y al Periodismo de Opini\u00f3n<\/li>\n\n\n\n<li>Teor\u00eda y Pr\u00e1ctica de Prensa Escrita<\/li>\n\n\n\n<li>Pr\u00e1cticas Cr\u00edticas<\/li>\n\n\n\n<li>Teor\u00eda y Cr\u00edtica de Espect\u00e1culos y Medios<\/li>\n\n\n\n<li>Taller de Producci\u00f3n Audiovisual y Video &#8211; SRT\/UNSa<\/li>\n\n\n\n<li>Taller de Expresi\u00f3n &#8211; SRT\/UNSa<\/li>\n<\/ul>\n\n\n\n<p><strong>Objetivos<\/strong><\/p>\n\n\n\n<p><strong>Generales<\/strong><\/p>\n\n\n\n<ul class=\"wp-block-list\">\n<li>Conformar un espacio de pr\u00e1cticas profesionalizantes de producci\u00f3n integral de contenidos period\u00edsticos y culturales para la publicaci\u00f3n en sitio web y plataformas digitales del Bolet\u00edn Humanidades.<\/li>\n\n\n\n<li>Generar un \u00e1mbito de trabajo period\u00edstico con los recursos t\u00e9cnicos disponibles en el Gabinete de Radio y Televisi\u00f3n que impliquen mejorar y optimizar las condiciones de aprendizaje de lxs estudiantes de comunicaci\u00f3n.<\/li>\n\n\n\n<li>Visibilizar las actividades acad\u00e9micas, de investigaci\u00f3n y extensi\u00f3n de la comunidad educativa universitaria hacia el medio profesional, social y cultural de la ciudad de Salta.<\/li>\n<\/ul>\n\n\n\n<p><strong>Espec\u00edficos<\/strong><\/p>\n\n\n\n<ul class=\"wp-block-list\">\n<li>Elaborar piezas comunicacionales en diversos formatos y soportes digitales.&nbsp;<\/li>\n\n\n\n<li>Producir contenidos sonoros, visuales y audiovisuales con herramientas y recursos de edici\u00f3n digital open source.<\/li>\n\n\n\n<li>Promover la pr\u00e1ctica intensiva de la redacci\u00f3n period\u00edstica en sus diferentes soportes y formatos.<\/li>\n\n\n\n<li>Propiciar el trabajo colaborativo para los&nbsp; nuevos escenarios de la comunicaci\u00f3n digital y period\u00edstica en la red.<\/li>\n<\/ul>\n\n\n\n<p><strong>1era ETAPA: Conformaci\u00f3n de las \u00c1reas de Producci\u00f3n<\/strong><\/p>\n\n\n\n<p><strong>\u00c1REAS<\/strong><\/p>\n\n\n\n<ol class=\"wp-block-list\">\n<li><strong>\u00c1rea Redacci\u00f3n Period\u00edstica<\/strong> (Post\/Multimedia\/RRSS)<\/li>\n<\/ol>\n\n\n\n<p>Responsables: Nicol\u00e1s \u00c1balos; Emilse Bonifacio (Editorxs de Bolet\u00edn Humanidades)<\/p>\n\n\n\n<ol class=\"wp-block-list\" start=\"2\">\n<li><strong>\u00c1rea Producci\u00f3n Sonora<\/strong> (Podcast, Audiogramas, Streaming)<\/li>\n<\/ol>\n\n\n\n<p>Responsables: Lic. Marcelo Plaza; Lic. Andrea Gorosito<\/p>\n\n\n\n<ol class=\"wp-block-list\" start=\"3\">\n<li><strong>\u00c1rea Producci\u00f3n Audiovisual Digital<\/strong> (VideoBlog\/WebDoc\/Reels)<\/li>\n<\/ol>\n\n\n\n<p>Responsable: Lic. Esp. Mar\u00eda Silvia Morales<\/p>\n\n\n\n<ol class=\"wp-block-list\" start=\"4\">\n<li><strong>\u00c1rea Dise\u00f1o y Edici\u00f3n Visual <\/strong>(Fotograf\u00eda\/Flayers\/Infograf\u00edas\/Feed\/Stories)<\/li>\n<\/ol>\n\n\n\n<p>Responsables: Lic. Aldana D\u00edaz; Lic. Gonzalo Torres<\/p>\n\n\n\n<p>Equipo General integrado por:<\/p>\n\n\n\n<ul class=\"wp-block-list\">\n<li>Staff Bolet\u00edn Humanidades\n<ul class=\"wp-block-list\">\n<li>Est. Ayel\u00e9n Flores<\/li>\n\n\n\n<li>Est. Daniela Maman\u00ed<\/li>\n\n\n\n<li>Est. Carla Avalos&nbsp;<\/li>\n\n\n\n<li>Est. Gisella V\u00e9liz&nbsp;<\/li>\n<\/ul>\n<\/li>\n\n\n\n<li>Staff LABTEC\n<ul class=\"wp-block-list\">\n<li>Lic. Ramiro Guzm\u00e1n Gonz\u00e1lez<\/li>\n\n\n\n<li>Est. Eduardo Lozano<\/li>\n\n\n\n<li>Est. Nahuel Cococcia<\/li>\n<\/ul>\n<\/li>\n\n\n\n<li>Sede Regional Tartagal &#8211; UNSa\n<ul class=\"wp-block-list\">\n<li>Est. Alejandra Carolina Paiva<\/li>\n\n\n\n<li>Est. Roque Ezequiel Tercero<\/li>\n<\/ul>\n<\/li>\n<\/ul>\n\n\n\n<div style=\"height:100px\" aria-hidden=\"true\" class=\"wp-block-spacer\"><\/div>\n","protected":false},"excerpt":{"rendered":"<p>Res. H N\u00b0 0624\/23 (Expte. N\u00b0 4130\/23) Aval Acad\u00e9mico del Consejo Directivo de la Facultad de Humanidades, UNSa Coordinadorxs Generales: Datos generales: Lugar: Gabinete de Radio y Televisi\u00f3n \u201cV\u00edctor Arancibia\u201d, Facultad de Humanidades, UNSa. Justificaci\u00f3n El CENTRO DE PRODUCCI\u00d3N DE CONTENIDOS DIGITALES es un espacio de formaci\u00f3n y producci\u00f3n en articulaci\u00f3n con c\u00e1tedras del \u00c1rea [&hellip;]<\/p>\n","protected":false},"author":1,"featured_media":0,"parent":0,"menu_order":0,"comment_status":"closed","ping_status":"closed","template":"","meta":{"footnotes":""},"class_list":["post-200","page","type-page","status-publish","hentry"],"_links":{"self":[{"href":"https:\/\/labtec.unsa.edu.ar\/index.php\/wp-json\/wp\/v2\/pages\/200","targetHints":{"allow":["GET"]}}],"collection":[{"href":"https:\/\/labtec.unsa.edu.ar\/index.php\/wp-json\/wp\/v2\/pages"}],"about":[{"href":"https:\/\/labtec.unsa.edu.ar\/index.php\/wp-json\/wp\/v2\/types\/page"}],"author":[{"embeddable":true,"href":"https:\/\/labtec.unsa.edu.ar\/index.php\/wp-json\/wp\/v2\/users\/1"}],"replies":[{"embeddable":true,"href":"https:\/\/labtec.unsa.edu.ar\/index.php\/wp-json\/wp\/v2\/comments?post=200"}],"version-history":[{"count":6,"href":"https:\/\/labtec.unsa.edu.ar\/index.php\/wp-json\/wp\/v2\/pages\/200\/revisions"}],"predecessor-version":[{"id":441,"href":"https:\/\/labtec.unsa.edu.ar\/index.php\/wp-json\/wp\/v2\/pages\/200\/revisions\/441"}],"wp:attachment":[{"href":"https:\/\/labtec.unsa.edu.ar\/index.php\/wp-json\/wp\/v2\/media?parent=200"}],"curies":[{"name":"wp","href":"https:\/\/api.w.org\/{rel}","templated":true}]}}